 + 162, -5*r + 210 = 5*m. What is the units digit of m?
1
Let z(f) be the first derivative of 2*f**3/3 + 17*f**2/2 - 8*f - 6. What is the tens digit of z(-12)?
7
Let m be (-69)/(-6) + 2/(-12)*3. Suppose 0 = -m*b + 1183 - 358. What is the tens digit of b?
7
Suppose 5*x - 2*x - 4*v = -37, -v = 4*x + 24. Let g = -1 - x. What is the units digit of g?
6
Let g = 27 - 25. Suppose 4*i + 3*y = 200, y = -g*y + 12. What is the tens digit of i?
4
Suppose r = -r - 3*p + 1681, -4*r + 4*p = -3372. What is the units digit of r?
2
What is the hundreds digit of (-66)/(-88) - 178/(-16)*90?
0
Let b be 0/((-5)/((-10)/(-4))). Suppose 6*s + 140 - 1610 = b. What is the tens digit of s?
4
Suppose -423 = -19*y + 565. What is the units digit of y?
2
What is the units digit of (237/3)/(-4 - 90/(-22))?
9
Let v(r) = -r**2 - 5*r - 1. Let q be v(-4). Suppose -q*a - 4*h = 2 + 5, -5*h = 4*a + 9. Let f = a + 21. What is the units digit of f?
0
Let x(z) = -9*z - 3*z + z**2 + 19 + 15*z - 19*z. What is the units digit of x(17)?
6
Suppose 5*o + 2*o - 21 = 0. Suppose -4*t = -2*t + 18. Let h = o - t. What is the tens digit of h?
1
Suppose -51*j + 45678 = 1971. What is the tens digit of j?
5
Let y = 111 - 162. Let f = 144 + y. What is the units digit of f?
3
Let t(m) = -7*m + 6. Let c(q) be the third derivative of 7*q**4/24 - 7*q**3/6 + 6*q**2. Let h(k) = -3*c(k) - 4*t(k). What is the units digit of h(6)?
9
Let u(a) = a**2 + 6*a - 4. Let t = -11 + 4. Let g be u(t). What is the tens digit of (-6 + g)*11/(-3)?
1
Let i(b) = 8*b**2 - 14*b + 7. What is the tens digit of i(-8)?
3
Suppose 3*y = 4*g - 2114 - 1242, 3*y + 2514 = 3*g. What is the units digit of g?
2
Suppose 7*h = 813 + 265. What is the units digit of h?
4
Suppose 0 = 4*r - 143 + 3. Suppose -g = -91 + r. What is the units digit of g?
6
Suppose 5*f + 5*j = 9370, 2*f - 4*j - 3040 = 738. What is the hundreds digit of f?
8
Let d = -1793 - -4536. What is the thousands digit of d?
2
Let h(q) = -111*q**3 - 4*q**2 - 10*q - 11. What is the tens digit of h(-2)?
8
Suppose -i + 5*s = 5, i - 83 = 6*i + 4*s. Let a = 56 - 25. Let l = a + i. What is the units digit of l?
6
Let w be ((-36)/(-42))/(1/(-14)). Let f = w - -5. Let r = f - -17. What is the tens digit of r?
1
What is the thousands digit of (-1)/(((0 + -5)/(-9580))/(-1))?
1
Let c(d) = -d**2 - 1. Let m(h) = -5*h**2 + 11*h + 1. Let v(i) = 2*c(i) - m(i). What is the units digit of v(-6)?
1
What is the units digit of -15 + 8 + 9 + 2253?
5
Let j(n) be the second derivative of n**5/20 + n**4/8 + n**3/2 - 6*n. Let u(z) be the second derivative of j(z). What is the units digit of u(3)?
1
Suppose -4*i - 3*w = -222, -4*i - 2*w + 100 + 120 = 0. Suppose 2*h = h - 3. Let q = i - h. What is the units digit of q?
7
Suppose 6*m - 8*m - 168 = 0. Let k = m + 38. Let x = k - -64. What is the tens digit of x?
1
Suppose 33*a - 34*a = -4, 4*a - 9636 = -5*g. What is the units digit of g?
4
Let n(k) = -k**2 + 12*k - 7. Let z be n(9). Suppose -z = 4*b, 0 = -3*f + 5*b - b + 251. Let x = f - 38. What is the units digit of x?
9
Let k(z) = -z**3 + 7*z**2 + 11*z - 18. Let w be k(8). Suppose 4*c + 8 = w*c. What is the units digit of c?
4
What is the tens digit of (-1)/(((-7)/42)/(98/4))?
4
What is the tens digit of (-6)/(-4)*-2*(-1415)/5?
4
Let u(f) = -2 + 3 - 2*f**2 - 19*f**3 + 3*f**3. What is the units digit of u(-1)?
5
Suppose -2*r + 10878 = 5*c, -4*c + 3*r - 2056 = -10740. What is the hundreds digit of c?
1
Suppose -5927 - 6295 = -9*x. What is the units digit of x?
8
Let g be (4/(-12))/(6/18). What is the units digit of 170 + (2 - (3 + -2) - g)?
2
Suppose 2*g + 4*n = 3*g - 24, -2*n - 60 = -2*g. Suppose 5*r - 5*k - 260 = 0, 5*r = -4*k + 7 + 235. Let z = r - g. What is the tens digit of z?
1
Suppose -8*n + 21 = -n. Suppose -3*c + 3*w = 34 - 109, -40 = -n*c - 4*w. Let b = -14 + c. What is the units digit of b?
6
Suppose -f - 9079 = -4*a, 5*f - 10*f = 15. What is the tens digit of a?
6
Let r(l) = -l - 18. Let t be r(-24). Suppose 222 = -4*b + t*b. What is the units digit of b?
1
Let a(y) be the third derivative of 1/30*y**5 + 0*y + 1/3*y**4 + 2*y**2 + 1/2*y**3 + 0. What is the tens digit of a(-5)?
1
Let t = 424 + -159. Suppose -2*s - t = -7*s. What is the tens digit of s?
5
What is the units digit of 4/(-5) + (-26)/130 + 440?
9
Suppose 0 = 35*x - 30*x + 180. What is the units digit of -6*1*54/x?
9
Let n(p) = p**3 + 16*p**2 - 58*p + 25. What is the units digit of n(-18)?
1
Let k be 2/(4/(-150)) + 0/15. Let m = -11 - k. What is the tens digit of m?
6
Suppose 0 = -2*w - 2*w - 16, -2*j - 60 = -w. Let r = -7 - j. Let c = r + -13. What is the tens digit of c?
1
Let y(u) = -4168*u - 11. What is the tens digit of y(-1)?
5
Let k(j) = -6*j + 44. Suppose 14 = -3*a + 2*a. What is the hundreds digit of k(a)?
1
Let o = -11 + 2. Let a(r) = 13*r + 1. Let k(m) = 6*m + 1. Let t(v) = 4*a(v) - 9*k(v). What is the tens digit of t(o)?
1
Suppose 41*d - 39*d - 840 = 0. Suppose v - 280 = -2*g + 5*v, -d = -3*g + 2*v. What is the units digit of g?
0
Let v = 11 + -9. Let o be (v/1)/1 - -350. What is the units digit of (o/24)/((-2)/(-3))?
2
Let g = -16 - -15. Let y(s) be the third derivative of -s**4/2 + s**3/6 - s**2. What is the tens digit of y(g)?
1
Suppose 7*p - 22*p = -14400. What is the hundreds digit of p?
9
Suppose a - 3292 = -5*j, 6*j - 7*j = -5*a + 16434. What is the thousands digit of a?
3
Let j = -3 - -7. Let l = -2 + j. Let k(b) = 4*b**3 - 4*b**2 + 2*b. What is the tens digit of k(l)?
2
Let r be (3 + 1)/((-6)/(-2478)). Suppose -442 = 5*d - r. What is the tens digit of d?
4
Let v(x) = 18*x**2 - 24*x - 13. What is the units digit of v(9)?
9
Suppose 4*p - d - 13 = 2*d, 0 = -p + 2*d - 3. Let q be (-12)/(-28) - (-1887)/p. Suppose -4*a + q = 2*a. What is the units digit of a?
5
Let x = 386 + -125. What is the units digit of x?
1
Suppose -6*a + 120 = 6*a. What is the units digit of 5/a + 4/8?
1
Let t(j) = -j**3 + 6*j**2 - 6*j + 2. Let c(r) = -2 - 1 - 1 + 2 + 2*r. Let u be c(3). What is the tens digit of t(u)?
1
Let o(j) = -15*j - 1. Let a(w) be the second derivative of -2*w**3/3 - 6*w. Let b(x) = -22*a(x) + 6*o(x). What is the units digit of b(-5)?
4
Let t(z) = z**2 - 7*z - 12. Let j be t(10). Let h = j - 1. Let n = h + -16. What is the units digit of n?
1
Let q(m) be the first derivative of m**4/2 + 5*m**3/3 - 3*m**2/2 - 4*m + 2. Let k be q(-5). What is the units digit of (2/6)/((-2)/k)?
9
Let x(z) = 185*z + 12. What is the units digit of x(2)?
2
Suppose 2*i = -0*i - 2. Let p be (-39 + i)*16/(-40). Suppose 84 = 4*t + p. What is the tens digit of t?
1
Let b(i) = 170*i**2 + 10*i - 60. What is the units digit of b(4)?
0
Let k = 2 - 1. Let g(r) = -r**2 - 4*r - 39*r**3 + 5*r - 1 + 54*r**3. What is the tens digit of g(k)?
1
Let p(r) = r**3 - 27*r**2 - 136*r + 10. What is the tens digit of p(32)?
7
Let w be ((-8)/((-3)/(-3)*-2))/2. Suppose 5*a = -5*f + 220, -w*a = a. What is the units digit of f?
4
Suppose -5*w + 31 = 3*r, -5*r - w + 11 + 4 = 0. Suppose k = 3*o - 6*o + 66, -2*o + 44 = -r*k. What is the units digit of o?
2
Suppose -154154 = -33*g + 41041. What is the tens digit of g?
1
Suppose 0 = -18*r + 13*r + 70. Let p = -5 + 1. Let x = r + p. What is the tens digit of x?
1
Suppose 0*b + 436 = b - 3*t, 4*t = -b + 443. What is the hundreds digit of b?
4
Suppose 0 = -5*s + 4*d + 7407, 5*s - 2441 = -d + 4951. What is the units digit of s?
9
Suppose -h = -3*c - 0*c + 11, -6 = -c - 2*h. Suppose c*s - s = 3*k - 3, -2*k + s = 1. What is the units digit of 16 - (0 + 3 + k)?
5
What is the hundreds digit of (-4 - -1 - -1510) + -8?
4
Suppose -r + 13 - 11 = 0. Suppose 0 = -4*x, z = 5*z - r*x - 724. What is the tens digit of z?
8
Let d = 8 + -5. Suppose -d*l = 2*l - 15. Suppose l*j = -1 + 7. What is the units digit of j?
2
Suppose -2136 = 8*w - 12*w. What is the units digit of w?
4
Let r(f) = 11*f**3 + f**2 + f + 10. What is the hundreds digit of r(3)?
3
Let j(g) = g**3 - 7*g**2 + g + 5. Let b be j(7). Suppose 0 = -5*k + b + 3. Suppose -3*s = 12, -k*l - 4*s = -1 + 2. What is the units digit of l?
5
Suppose -5*o - 3*q - 45 = 0, 5*q - 2 = 2*o - 15. What is the tens digit of (6/(-15))/(o/1605)?
0
Let m = 22 + -18. Suppose -3*o = -m*o + 21. What is the units digit of o?
1
Let i be (-7)/((-35)/15) - -86. Suppose -54 = m - p, 3*m - 2*p = -135 - 25. Let b = 